{"id":295,"date":"2023-01-12T15:44:11","date_gmt":"2023-01-12T15:44:11","guid":{"rendered":"https:\/\/begabtenstiftung-informatik.de\/?page_id=295"},"modified":"2026-03-20T11:40:22","modified_gmt":"2026-03-20T11:40:22","slug":"partner-netzwerk","status":"publish","type":"page","link":"https:\/\/begabtenstiftung-informatik.de\/index.php\/de\/partner-netzwerk\/","title":{"rendered":"Partner-Netzwerk"},"content":{"rendered":"<section class=\"section\">\r\n<!-- Intro Header + Paragraph -->\r\n\t<h1 class=\"section-heading\"><center>Das neue Partnernetzwerk<\/center><\/h1>\r\n\t\r\n\t<h2 class=\"section-heading\"><center>Die Fakult\u00e4t<\/center><\/h2>\r\n\t<div class=\"row mb-3\">\r\n\t\t<div class=\"col-md-4 self-align-center\"><img decoding=\"async\" style=\"width: 100%;\" src=\"https:\/\/begabtenstiftung-informatik.de\/wp-content\/uploads\/2023\/07\/KIT_Inf.png\" \/><\/div>\r\n\t\t<div class=\"col-md-8 self-align-center\">\r\n\t\t<p>Die Fakult\u00e4t f\u00fcr Informatik des KIT genie\u00dft den Ruf der Exzellenz. In der Wissenschaft, in der Industrie und unter Studierenden. <p>Immer wieder taucht sie auf den vorderen Pl\u00e4tzen nationaler und internationaler Rankings auf.<\/p>\r\n\t\t\r\n\t<\/div>\r\n\t<\/div>\r\n\t<hr \/>\r\n\t\t<h2 class=\"section-heading\"><center>Studierende<\/center><\/h2>\r\n\t\t<div class=\"row mb-3\">\r\n\t\t<div class=\"col-md-4 self-align-center\"><img decoding=\"async\" style=\"width: 100%;\" src=\"https:\/\/begabtenstiftung-informatik.de\/wp-content\/uploads\/2023\/07\/students-2.jpg\" \/><\/div>\r\n\t\t<div class=\"col-md-8 self-align-center\">\r\n\t\t\t<p>Mit ihren fast 4000 Studierenden ist die Fakult\u00e4t f\u00fcr die Industrie die wichtigste Ausbildungseinrichtung im S\u00fcdwesten Deutschlands. Ihre Absolventen sind begehrte Spezialisten und Spezialistinnen f\u00fcr die Gestaltung des digitalen Wandels.<\/p>\r\n\t\t<\/div>\r\n\t<\/div>\r\n\r\n\t<hr \/>\r\n\t\t<h2 class=\"section-heading\"><center>Unternehmen<\/center><\/h2>\r\n\t\t<div class=\"row mb-3\">\r\n\t\t<div class=\"col-md-4 self-align-center\"><img decoding=\"async\" style=\"width: 100%;\" src=\"https:\/\/begabtenstiftung-informatik.de\/wp-content\/uploads\/2023\/07\/meeting_2.jpg\" \/><\/div>\r\n\t\t<div class=\"col-md-8 self-align-center\">\r\n\t\t<p>Davon profitieren in besonderem Ma\u00df die Informatik-Dienstleister und Anwendern der IT Region Karlsruhe: Vom Startup \u00fcber Software Engineering Spezialisten und hidden champions bis zum Weltmarktf\u00fchrer f\u00fcr Gesch\u00e4ftssoftware.<\/p>\r\n\t\t<\/div>\r\n\t\t<\/div>\r\n\t\t<hr \/>\r\n\t\t\r\n\t\t<h2 class=\"section-heading\"><center>Netzwerk<\/center><\/h2>\r\n\t\t<div class=\"row mb-3\">\r\n\t\t<div class=\"col-md-4 self-align-center\"><img decoding=\"async\" style=\"width: 100%;\" src=\"https:\/\/begabtenstiftung-informatik.de\/wp-content\/uploads\/2023\/07\/business-people-scaled.jpg\" \/><\/div>\r\n\t\t<div class=\"col-md-8 self-align-center\">\r\n\t\t\t<p>Die Begabtenstiftung hat es sich zur Aufgabe gemacht, die Vernetzung der Studierenden mit der Industrie aktiv zu f\u00f6rdern.<\/p> <p>Unsere gemeinsamen Aktivit\u00e4ten b\u00fcndeln wir in unserem <strong>Partner-Programm.<\/strong><\/p>\r\n\t\t<\/div>\r\n\t\t<\/div>\r\n\t\r\n\t\r\n<!-- Partner-Programm Header, Image & Paragraph (1\/3 zu 2\/3) -->\t\r\n\t<div class=\"row\">\r\n\t<div class=\"col-md-12\">\r\n\t<hr \/>\r\n\t<h2 class=\"section-heading\"><center>Das Partner-Programm<\/center><\/h2>\r\n\t\t<\/div>\r\n\t<div class=\"col-md-4\"><img decoding=\"async\" src=\"https:\/\/begabtenstiftung-informatik.de\/wp-content\/uploads\/2023\/01\/Partner-Programm-Image.jpg\">\r\n\t\t<\/div>\r\n\t<div class=\"col-md-8\">\t\r\n\t\t<p>Als Partnerunternehmen haben Sie die M\u00f6glichkeit, Studierende als Mentoren zu begleiten und Einblicke in die kommende Berufspraxis zu vermitteln.<\/p>\r\n\t\t<p>Dank Ihrer finanziellen Unterst\u00fctzung k\u00f6nnen wir Stipendien und Preise vergeben, Auslandsaufenthalte und Konferenzbesuche bezuschussen.<\/p>\r\n\t\t<p>Nutzen Sie die regelm\u00e4\u00dfig stattfindenden Veranstaltungen, um Verbindungen zu unseren Studierenden zu kn\u00fcpfen und Teil eines aktiven Netzwerks zu werden.<\/p> \r\n\t\t<p>Im Rahmen des KIIS-Programms oder bei der Betreuung studentischer Projekte kommen Sie in pers\u00f6nlichen Kontakt mit Studierenden<\/p>\r\n\t\t<p>Pr\u00e4sentieren Sie sich als attraktiver Arbeitgeber und profitieren Sie von unseren engen Beziehungen zur Fakult\u00e4t f\u00fcr Informatik des KIT Karlsruhe.<br><br><\/p>\r\n\t\t\r\n\t\t<\/div>\r\n\t\t<\/div>\r\n\t\t\r\n\t\t<style>\r\n  .btn-container-wrapper {\r\n    display: flex;\r\n    justify-content: center;\r\n  }\r\n\r\n  .btn-container {\r\n    display: flex;\r\n    justify-content: center;\r\n  }\r\n<\/style>\r\n\r\n<div class=\"btn-container-wrapper\">\r\n\r\n  <div class=\"btn-container\"><a class=\"btn btn-default\" href=\"https:\/\/begabtenstiftung-informatik.de\/wp-content\/uploads\/2024\/01\/Fact-Sheet-Partnernetzwerk-2024.pdf\" target=\"_blank\" rel=\"noopener\">Fact Sheet Partnerprogramm<\/a><\/div>\r\n\r\n  <div class=\"btn-container\"><a class=\"btn btn-default\" href=\"https:\/\/begabtenstiftung-informatik.de\/wp-content\/uploads\/2024\/01\/Fact-Sheet-Partner-Level-2024.pdf\" target=\"_blank\" rel=\"noopener\">Partner Level<\/a><\/div>\r\n\r\n<\/div>\t\r\n\t\t\t\r\n\t\t\r\n\t\t\r\n\t\t<hr>\r\n\t\t<h2 class=\"section-heading\"><center>Partnerschaft beantragen<\/center><\/h2>\r\n<strong>Zur Teilnahme am Partnernetzwerk nehmen Sie bitte mit dem Stiftungsvorstand Kontakt auf:<\/strong>\r\n\t\t\r\n\t<div class=\"col-md-12\" style=\"height: 50px\";><\/div>\r\n\t<center>\n<div class=\"wpcf7 no-js\" id=\"wpcf7-f333-o1\" lang=\"de-DE\" dir=\"ltr\">\n<div class=\"screen-reader-response\"><p role=\"status\" aria-live=\"polite\" aria-atomic=\"true\"><\/p> <ul><\/ul><\/div>\n<form action=\"\/index.php\/wp-json\/wp\/v2\/pages\/295#wpcf7-f333-o1\" method=\"post\" class=\"wpcf7-form init\" aria-label=\"Kontaktformular\" novalidate=\"novalidate\" data-status=\"init\">\n<div style=\"display: none;\">\n<input type=\"hidden\" name=\"_wpcf7\" value=\"333\" \/>\n<input type=\"hidden\" name=\"_wpcf7_version\" value=\"5.7.7\" \/>\n<input type=\"hidden\" name=\"_wpcf7_locale\" value=\"de_DE\" \/>\n<input type=\"hidden\" name=\"_wpcf7_unit_tag\" value=\"wpcf7-f333-o1\" \/>\n<input type=\"hidden\" name=\"_wpcf7_container_post\" value=\"0\" \/>\n<input type=\"hidden\" name=\"_wpcf7_posted_data_hash\" value=\"\" \/>\n<input type=\"hidden\" name=\"_wpcf7_recaptcha_response\" value=\"\" \/>\n<\/div>\n<p><label> Titel<br \/>\n<span class=\"wpcf7-form-control-wrap\" data-name=\"your-title\"><input size=\"40\" class=\"wpcf7-form-control wpcf7-text\" aria-invalid=\"false\" value=\"\" type=\"text\" name=\"your-title\" \/><\/span> <\/label>\n<\/p>\n<p><label> Name<br \/>\n<span class=\"wpcf7-form-control-wrap\" data-name=\"your-first-name\"><input size=\"40\" class=\"wpcf7-form-control wpcf7-text wpcf7-validates-as-required\" autocomplete=\"first-name\" aria-required=\"true\" aria-invalid=\"false\" value=\"\" type=\"text\" name=\"your-first-name\" \/><\/span> <\/label>\n<\/p>\n<p><label> Vorname<br \/>\n<span class=\"wpcf7-form-control-wrap\" data-name=\"your-last-name\"><input size=\"40\" class=\"wpcf7-form-control wpcf7-text wpcf7-validates-as-required\" autocomplete=\"last-name\" aria-required=\"true\" aria-invalid=\"false\" value=\"\" type=\"text\" name=\"your-last-name\" \/><\/span> <\/label>\n<\/p>\n<p><label> Unternehmen<br \/>\n<span class=\"wpcf7-form-control-wrap\" data-name=\"your-company\"><input size=\"40\" class=\"wpcf7-form-control wpcf7-text wpcf7-validates-as-required\" autocomplete=\"company\" aria-required=\"true\" aria-invalid=\"false\" value=\"\" type=\"text\" name=\"your-company\" \/><\/span> <\/label>\n<\/p>\n<p><label> E-Mail<br \/>\n<span class=\"wpcf7-form-control-wrap\" data-name=\"your-email\"><input size=\"40\" class=\"wpcf7-form-control wpcf7-text wpcf7-email wpcf7-validates-as-required wpcf7-validates-as-email\" autocomplete=\"email\" aria-required=\"true\" aria-invalid=\"false\" value=\"\" type=\"email\" name=\"your-email\" \/><\/span> <\/label>\n<\/p>\n<p><label> Telefon<br \/>\n<span class=\"wpcf7-form-control-wrap\" data-name=\"phone\"><input size=\"40\" class=\"wpcf7-form-control wpcf7-text wpcf7-tel wpcf7-validates-as-required wpcf7-validates-as-tel\" aria-required=\"true\" aria-invalid=\"false\" value=\"\" type=\"tel\" name=\"phone\" \/><\/span><\/label>\n<\/p>\n<p>Mit dem Absenden stimmen Sie der Verarbeitung Ihrer angegebenen Daten zum Zwecke einer Kontaktaufnahme zu. Ihre Daten werden nicht an Dritte weitergegeben.<br \/>\n<br \/>\n<input class=\"wpcf7-form-control has-spinner wpcf7-submit\" type=\"submit\" value=\"Senden\" \/>\n<\/p>\n<p>Wir melden uns umgehend bei Ihnen.<br \/>\nDas Partnernetzwerk ist kein eingetragener Verein. Aus einer Teilnahme ergeben sich keinerlei Rechtsanspr\u00fcche. Die Teilnahme am Netzwerk wird vom Vorstand der Stiftung genehmigt. Die Genehmigung kann jederzeit und ohne Begr\u00fcndung widerrufen werden.\n<\/p><div class=\"wpcf7-response-output\" aria-hidden=\"true\"><\/div>\n<\/form>\n<\/div>\n<\/center>\r\n\t\r\n\t\t<div class=\"row\">\r\n\t<div class=\"col-md-12\">\r\n\t<hr \/>\r\n\t<h2 class=\"section-heading\"><center>Partnerprogramm und KIIS<\/center><\/h2>\r\n\t\t<\/div>\r\n\t<div class=\"col-md-4\"><img decoding=\"async\" src=\"https:\/\/begabtenstiftung-informatik.de\/wp-content\/uploads\/2026\/03\/abstract-networking-concept-still-life-arrangement.jpg\">\r\n\t\t<\/div>\r\n\t<div class=\"col-md-8\">\t\r\n\t\t<p>Sie sind Silber-, Gold-, Platin- oder Strategischer Partner der Stiftung?\r\n        <p>Dann k\u00f6nnen Sie sich am KIIS-Programm f\u00fcr das Wintersemester beteiligen.<\/p>\r\n        <p>Wir f\u00f6rdern herausragende Studierende vom Studienbeginn bis zum Bachelor-Abschluss (maximal 8 Semester) mit einen Zuschuss von 750.- EUR pro Semester.<\/p>\r\n        <p>Die Anzahl der Stipendien richtet sich nach der Zahl der teilnehmenden Partner.<\/p>\r\n        <p>Studienanf\u00e4nger:innen an der KIT-Fakult\u00e4t f\u00fcr Informatik k\u00f6nnen sich bis zum Beginn des Wintersemesters f\u00fcr ein KIIS-Stipendium bewerben.<\/p>\r\n        <p>In einem von Vertretern der Fakult\u00e4t und den teilnehmenden Partnern gemeinsam gestalteten Prozess werden die Stipendiaten festgelegt.<\/p> \r\n        <p>Jeder Stipendiat, jede Stipendiatin wird von einem Mentor aus dem Partnerkreis begleitet. Die Partner w\u00e4hlen sich ihre Mentees aus.<\/p>\r\n        <p>Damit bekommen unsere Partner-Unternehmen die M\u00f6glichkeit, \u00fcber ihren Mentee Kontakte zu Studierenden zu kn\u00fcpfen.<\/p>\r\n        <p>Teilnehmende Partner und Stipendiaten sind zu unseren Networking-Veranstaltungen herzlich eingeladen.<br><\/p>\r\n\r\n&rarr; <a href=\"https:\/\/begabtenstiftung-informatik.de\/index.php\/de\/kiis\/\"><strong>KIIS<\/strong><\/a>\r\n\t\t\r\n\t<\/div>\r\n\t\t<\/div>\t\r\n<\/section>","protected":false},"excerpt":{"rendered":"Das neue Partnernetzwerk Die Fakult\u00e4t Die Fakult\u00e4t f\u00fcr Informatik des KIT genie\u00dft den Ruf der Exzellenz. In der Wissenschaft, in der Industrie und unter Studierenden. Immer wieder taucht sie auf den vorderen Pl\u00e4tzen nationaler und internationaler Rankings auf. Studierende Mit ihren fast 4000 Studierenden ist die Fakult\u00e4t f\u00fcr die Industrie die wichtigste Ausbildungseinrichtung im S\u00fcdwesten [&hellip;]","protected":false},"author":4,"featured_media":0,"parent":0,"menu_order":0,"comment_status":"closed","ping_status":"closed","template":"","meta":[],"_links":{"self":[{"href":"https:\/\/begabtenstiftung-informatik.de\/index.php\/wp-json\/wp\/v2\/pages\/295"}],"collection":[{"href":"https:\/\/begabtenstiftung-informatik.de\/index.php\/wp-json\/wp\/v2\/pages"}],"about":[{"href":"https:\/\/begabtenstiftung-informatik.de\/index.php\/wp-json\/wp\/v2\/types\/page"}],"author":[{"embeddable":true,"href":"https:\/\/begabtenstiftung-informatik.de\/index.php\/wp-json\/wp\/v2\/users\/4"}],"replies":[{"embeddable":true,"href":"https:\/\/begabtenstiftung-informatik.de\/index.php\/wp-json\/wp\/v2\/comments?post=295"}],"version-history":[{"count":143,"href":"https:\/\/begabtenstiftung-informatik.de\/index.php\/wp-json\/wp\/v2\/pages\/295\/revisions"}],"predecessor-version":[{"id":1968,"href":"https:\/\/begabtenstiftung-informatik.de\/index.php\/wp-json\/wp\/v2\/pages\/295\/revisions\/1968"}],"wp:attachment":[{"href":"https:\/\/begabtenstiftung-informatik.de\/index.php\/wp-json\/wp\/v2\/media?parent=295"}],"curies":[{"name":"wp","href":"https:\/\/api.w.org\/{rel}","templated":true}]}}